{"id":424,"date":"2022-06-07T23:22:37","date_gmt":"2022-06-07T21:22:37","guid":{"rendered":"https:\/\/www.dragonet.fr\/?page_id=424"},"modified":"2022-06-09T23:10:05","modified_gmt":"2022-06-09T21:10:05","slug":"afrique","status":"publish","type":"page","link":"https:\/\/www.dragonet.fr\/index.php\/afrique\/","title":{"rendered":"Afrique"},"content":{"rendered":"\t\t<div data-elementor-type=\"wp-page\" data-elementor-id=\"424\" class=\"elementor elementor-424\">\n\t\t\t\t\t\t<section class=\"elementor-section elementor-top-section elementor-element elementor-element-22bfafd elementor-section-boxed elementor-section-height-default elementor-section-height-default\" data-id=\"22bfafd\" data-element_type=\"section\" data-e-type=\"section\">\n\t\t\t\t\t\t<div class=\"elementor-container elementor-column-gap-default\">\n\t\t\t\t\t<div class=\"elementor-column elementor-col-100 elementor-top-column elementor-element elementor-element-901964e\" data-id=\"901964e\" data-element_type=\"column\" data-e-type=\"column\">\n\t\t\t<div class=\"elementor-widget-wrap elementor-element-populated\">\n\t\t\t\t\t\t<div class=\"elementor-element elementor-element-21059ec elementor-widget elementor-widget-text-editor\" data-id=\"21059ec\" data-element_type=\"widget\" data-e-type=\"widget\" data-widget_type=\"text-editor.default\">\n\t\t\t\t<div class=\"elementor-widget-container\">\n\t\t\t\t\t\t\t\t\t<div><h1 style=\"text-align: center;\"><span style=\"font-family: americorps-laser; font-size: 24pt; color: #dd4b40;\">Transporteur de marchandises <\/span><\/h1><h1 style=\"text-align: center;\"><span style=\"font-family: americorps-laser; font-size: 24pt; color: #dd4b40;\">avec l&rsquo;Afrique<br \/><\/span><\/h1><\/div>\t\t\t\t\t\t\t\t<\/div>\n\t\t\t\t<\/div>\n\t\t\t\t\t<\/div>\n\t\t<\/div>\n\t\t\t\t\t<\/div>\n\t\t<\/section>\n\t\t\t\t<section class=\"elementor-section elementor-top-section elementor-element elementor-element-44d054e elementor-section-boxed elementor-section-height-default elementor-section-height-default\" data-id=\"44d054e\" data-element_type=\"section\" data-e-type=\"section\">\n\t\t\t\t\t\t<div class=\"elementor-container elementor-column-gap-default\">\n\t\t\t\t\t<div class=\"elementor-column elementor-col-100 elementor-top-column elementor-element elementor-element-4479b5d\" data-id=\"4479b5d\" data-element_type=\"column\" data-e-type=\"column\">\n\t\t\t<div class=\"elementor-widget-wrap elementor-element-populated\">\n\t\t\t\t\t\t<div class=\"elementor-element elementor-element-8106675 elementor-widget-divider--view-line elementor-widget elementor-widget-divider\" data-id=\"8106675\" data-element_type=\"widget\" data-e-type=\"widget\" data-widget_type=\"divider.default\">\n\t\t\t\t<div class=\"elementor-widget-container\">\n\t\t\t\t\t\t\t<div class=\"elementor-divider\">\n\t\t\t<span class=\"elementor-divider-separator\">\n\t\t\t\t\t\t<\/span>\n\t\t<\/div>\n\t\t\t\t\t\t<\/div>\n\t\t\t\t<\/div>\n\t\t\t\t\t<\/div>\n\t\t<\/div>\n\t\t\t\t\t<\/div>\n\t\t<\/section>\n\t\t\t\t<section class=\"elementor-section elementor-top-section elementor-element elementor-element-724ed69 elementor-section-boxed elementor-section-height-default elementor-section-height-default\" data-id=\"724ed69\" data-element_type=\"section\" data-e-type=\"section\">\n\t\t\t\t\t\t<div class=\"elementor-container elementor-column-gap-default\">\n\t\t\t\t\t<div class=\"elementor-column elementor-col-66 elementor-top-column elementor-element elementor-element-dae6380\" data-id=\"dae6380\" data-element_type=\"column\" data-e-type=\"column\">\n\t\t\t<div class=\"elementor-widget-wrap elementor-element-populated\">\n\t\t\t\t\t\t<div class=\"elementor-element elementor-element-f4edb48 elementor-widget elementor-widget-text-editor\" data-id=\"f4edb48\" data-element_type=\"widget\" data-e-type=\"widget\" data-widget_type=\"text-editor.default\">\n\t\t\t\t<div class=\"elementor-widget-container\">\n\t\t\t\t\t\t\t\t\t<div class=\"qlubcontainer_headertext\"><div>\u00a0<\/div><div>\u00a0<\/div><div><strong><span style=\"font-family: montserrat; font-size: 24pt;\"><span class=\"firstcolor\">Transport<\/span><span class=\"secondcolor \"> France &#8211; <span style=\"font-family: montserrat;\">Afrique<\/span><\/span><\/span><\/strong><\/div><div>\u00a0<\/div><\/div><div>\u00a0<\/div><div class=\"qlubcontainer_headertext\"><span style=\"font-family: montserrat; font-size: 14pt;\">Dragonet organise le <strong>transport de marchandises entre la France et l&rsquo;Afrique<\/strong>. <\/span><\/div><div class=\"qlubcontainer_headertext\"><span style=\"font-family: montserrat; font-size: 14pt;\">Il s&rsquo;agit principalement d&rsquo;import ou d&rsquo;export d&rsquo;\u00e9chantillons de v\u00eatements ou de collections compl\u00e8tes. <\/span><\/div><div class=\"qlubcontainer_headertext\"><span style=\"font-family: montserrat; font-size: 14pt;\">Notre exp\u00e9rience se porte davantage sur\u00a0<strong>les pays du Maghreb<\/strong>.<\/span><\/div>\t\t\t\t\t\t\t\t<\/div>\n\t\t\t\t<\/div>\n\t\t\t\t\t<\/div>\n\t\t<\/div>\n\t\t\t\t<div class=\"elementor-column elementor-col-33 elementor-top-column elementor-element elementor-element-d5a6496\" data-id=\"d5a6496\" data-element_type=\"column\" data-e-type=\"column\">\n\t\t\t<div class=\"elementor-widget-wrap elementor-element-populated\">\n\t\t\t\t\t\t<div class=\"elementor-element elementor-element-ae9f34d elementor-widget elementor-widget-heading\" data-id=\"ae9f34d\" data-element_type=\"widget\" data-e-type=\"widget\" data-widget_type=\"heading.default\">\n\t\t\t\t<div class=\"elementor-widget-container\">\n\t\t\t\t\t<h1 class=\"elementor-heading-title elementor-size-xl\">Zones<\/h1>\t\t\t\t<\/div>\n\t\t\t\t<\/div>\n\t\t\t\t<div class=\"elementor-element elementor-element-72ab10c elementor-widget-divider--view-line elementor-widget elementor-widget-divider\" data-id=\"72ab10c\" data-element_type=\"widget\" data-e-type=\"widget\" data-widget_type=\"divider.default\">\n\t\t\t\t<div class=\"elementor-widget-container\">\n\t\t\t\t\t\t\t<div class=\"elementor-divider\">\n\t\t\t<span class=\"elementor-divider-separator\">\n\t\t\t\t\t\t<\/span>\n\t\t<\/div>\n\t\t\t\t\t\t<\/div>\n\t\t\t\t<\/div>\n\t\t\t\t<div class=\"elementor-element elementor-element-52cd328 elementor-widget elementor-widget-text-editor\" data-id=\"52cd328\" data-element_type=\"widget\" data-e-type=\"widget\" data-widget_type=\"text-editor.default\">\n\t\t\t\t<div class=\"elementor-widget-container\">\n\t\t\t\t\t\t\t\t\t<ul><li style=\"text-align: left;\"><span style=\"color: #dd4b40; font-size: 18pt;\"><a style=\"color: #dd4b40;\" href=\"\/index.php\/france\"><span style=\"font-family: montserrat;\">France<\/span><\/a><\/span><\/li><li style=\"text-align: left;\"><span style=\"color: #dd4b40; font-size: 18pt;\"><a style=\"color: #dd4b40;\" href=\"\/index.php\/europe\"><span style=\"font-family: montserrat;\">Europe<\/span><\/a><\/span><\/li><li style=\"text-align: left;\"><span style=\"color: #dd4b40; font-size: 18pt;\"><a style=\"color: #dd4b40;\" href=\"\/index.php\/asie\"><span style=\"font-family: montserrat;\">Asie<\/span><\/a><\/span><\/li><li style=\"text-align: left;\"><span style=\"color: #dd4b40; font-size: 18pt;\"><a style=\"color: #dd4b40;\" href=\"\/index.php\/amerique\"><span style=\"font-family: montserrat;\">Am\u00e9rique<\/span><\/a><\/span><\/li><li style=\"text-align: left;\"><span style=\"color: #dd4b40; font-size: 18pt;\"><a style=\"color: #dd4b40;\" href=\"\/index.php\/afrique\"><span style=\"font-family: montserrat;\">Afrique<\/span><\/a><\/span><\/li><li style=\"text-align: left;\"><span style=\"color: #dd4b40; font-size: 18pt;\"><a style=\"color: #dd4b40;\" href=\"\/index.php\/oceanie\"><span style=\"font-family: montserrat;\">Oc\u00e9anie<\/span><\/a><\/span><\/li><li style=\"text-align: left;\"><span style=\"color: #dd4b40; font-size: 18pt;\"><a style=\"color: #dd4b40;\" href=\"\/index.php\/tiers-pays\"><span style=\"font-family: montserrat;\">Tiers-Pays<\/span><\/a><\/span><\/li><\/ul>\t\t\t\t\t\t\t\t<\/div>\n\t\t\t\t<\/div>\n\t\t\t\t\t<\/div>\n\t\t<\/div>\n\t\t\t\t\t<\/div>\n\t\t<\/section>\n\t\t\t\t<\/div>\n\t\t","protected":false},"excerpt":{"rendered":"<p>Transporteur de marchandises avec l&rsquo;Afrique \u00a0\u00a0Transport France &#8211; Afrique\u00a0\u00a0Dragonet organise le transport de marchandises entre la France et l&rsquo;Afrique. Il s&rsquo;agit principalement d&rsquo;import ou d&rsquo;export d&rsquo;\u00e9chantillons de v\u00eatements ou de&hellip;<\/p>\n","protected":false},"author":1,"featured_media":0,"parent":0,"menu_order":0,"comment_status":"closed","ping_status":"closed","template":"","meta":{"footnotes":""},"class_list":["post-424","page","type-page","status-publish","hentry"],"yoast_head":"<!-- This site is optimized with the Yoast SEO plugin v27.5 - https:\/\/yoast.com\/product\/yoast-seo-wordpress\/ -->\n<title>Afrique - Dragonet.fr<\/title>\n<meta name=\"robots\" content=\"index, follow, max-snippet:-1, max-image-preview:large, max-video-preview:-1\" \/>\n<link rel=\"canonical\" href=\"https:\/\/www.dragonet.fr\/index.php\/afrique\/\" \/>\n<meta property=\"og:locale\" content=\"fr_FR\" \/>\n<meta property=\"og:type\" content=\"article\" \/>\n<meta property=\"og:title\" content=\"Afrique - Dragonet.fr\" \/>\n<meta property=\"og:description\" content=\"Transporteur de marchandises avec l&rsquo;Afrique \u00a0\u00a0Transport France &#8211; Afrique\u00a0\u00a0Dragonet organise le transport de marchandises entre la France et l&rsquo;Afrique. Il s&rsquo;agit principalement d&rsquo;import ou d&rsquo;export d&rsquo;\u00e9chantillons de v\u00eatements ou de&hellip;\" \/>\n<meta property=\"og:url\" content=\"https:\/\/www.dragonet.fr\/index.php\/afrique\/\" \/>\n<meta property=\"og:site_name\" content=\"Dragonet.fr\" \/>\n<meta property=\"article:modified_time\" content=\"2022-06-09T21:10:05+00:00\" \/>\n<meta name=\"twitter:card\" content=\"summary_large_image\" \/>\n<meta name=\"twitter:label1\" content=\"Dur\u00e9e de lecture estim\u00e9e\" \/>\n\t<meta name=\"twitter:data1\" content=\"1 minute\" \/>\n<script type=\"application\/ld+json\" class=\"yoast-schema-graph\">{\"@context\":\"https:\\\/\\\/schema.org\",\"@graph\":[{\"@type\":\"WebPage\",\"@id\":\"https:\\\/\\\/www.dragonet.fr\\\/index.php\\\/afrique\\\/\",\"url\":\"https:\\\/\\\/www.dragonet.fr\\\/index.php\\\/afrique\\\/\",\"name\":\"Afrique - Dragonet.fr\",\"isPartOf\":{\"@id\":\"https:\\\/\\\/www.dragonet.fr\\\/#website\"},\"datePublished\":\"2022-06-07T21:22:37+00:00\",\"dateModified\":\"2022-06-09T21:10:05+00:00\",\"breadcrumb\":{\"@id\":\"https:\\\/\\\/www.dragonet.fr\\\/index.php\\\/afrique\\\/#breadcrumb\"},\"inLanguage\":\"fr-FR\",\"potentialAction\":[{\"@type\":\"ReadAction\",\"target\":[\"https:\\\/\\\/www.dragonet.fr\\\/index.php\\\/afrique\\\/\"]}]},{\"@type\":\"BreadcrumbList\",\"@id\":\"https:\\\/\\\/www.dragonet.fr\\\/index.php\\\/afrique\\\/#breadcrumb\",\"itemListElement\":[{\"@type\":\"ListItem\",\"position\":1,\"name\":\"Accueil\",\"item\":\"https:\\\/\\\/www.dragonet.fr\\\/\"},{\"@type\":\"ListItem\",\"position\":2,\"name\":\"Afrique\"}]},{\"@type\":\"WebSite\",\"@id\":\"https:\\\/\\\/www.dragonet.fr\\\/#website\",\"url\":\"https:\\\/\\\/www.dragonet.fr\\\/\",\"name\":\"Dragonet.fr\",\"description\":\"\",\"publisher\":{\"@id\":\"https:\\\/\\\/www.dragonet.fr\\\/#organization\"},\"potentialAction\":[{\"@type\":\"SearchAction\",\"target\":{\"@type\":\"EntryPoint\",\"urlTemplate\":\"https:\\\/\\\/www.dragonet.fr\\\/?s={search_term_string}\"},\"query-input\":{\"@type\":\"PropertyValueSpecification\",\"valueRequired\":true,\"valueName\":\"search_term_string\"}}],\"inLanguage\":\"fr-FR\"},{\"@type\":\"Organization\",\"@id\":\"https:\\\/\\\/www.dragonet.fr\\\/#organization\",\"name\":\"Dragonet.fr\",\"url\":\"https:\\\/\\\/www.dragonet.fr\\\/\",\"logo\":{\"@type\":\"ImageObject\",\"inLanguage\":\"fr-FR\",\"@id\":\"https:\\\/\\\/www.dragonet.fr\\\/#\\\/schema\\\/logo\\\/image\\\/\",\"url\":\"https:\\\/\\\/www.dragonet.fr\\\/wp-content\\\/uploads\\\/2022\\\/06\\\/DRAGONET-250-218.png\",\"contentUrl\":\"https:\\\/\\\/www.dragonet.fr\\\/wp-content\\\/uploads\\\/2022\\\/06\\\/DRAGONET-250-218.png\",\"width\":250,\"height\":218,\"caption\":\"Dragonet.fr\"},\"image\":{\"@id\":\"https:\\\/\\\/www.dragonet.fr\\\/#\\\/schema\\\/logo\\\/image\\\/\"}}]}<\/script>\n<!-- \/ Yoast SEO plugin. -->","yoast_head_json":{"title":"Afrique - Dragonet.fr","robots":{"index":"index","follow":"follow","max-snippet":"max-snippet:-1","max-image-preview":"max-image-preview:large","max-video-preview":"max-video-preview:-1"},"canonical":"https:\/\/www.dragonet.fr\/index.php\/afrique\/","og_locale":"fr_FR","og_type":"article","og_title":"Afrique - Dragonet.fr","og_description":"Transporteur de marchandises avec l&rsquo;Afrique \u00a0\u00a0Transport France &#8211; Afrique\u00a0\u00a0Dragonet organise le transport de marchandises entre la France et l&rsquo;Afrique. Il s&rsquo;agit principalement d&rsquo;import ou d&rsquo;export d&rsquo;\u00e9chantillons de v\u00eatements ou de&hellip;","og_url":"https:\/\/www.dragonet.fr\/index.php\/afrique\/","og_site_name":"Dragonet.fr","article_modified_time":"2022-06-09T21:10:05+00:00","twitter_card":"summary_large_image","twitter_misc":{"Dur\u00e9e de lecture estim\u00e9e":"1 minute"},"schema":{"@context":"https:\/\/schema.org","@graph":[{"@type":"WebPage","@id":"https:\/\/www.dragonet.fr\/index.php\/afrique\/","url":"https:\/\/www.dragonet.fr\/index.php\/afrique\/","name":"Afrique - Dragonet.fr","isPartOf":{"@id":"https:\/\/www.dragonet.fr\/#website"},"datePublished":"2022-06-07T21:22:37+00:00","dateModified":"2022-06-09T21:10:05+00:00","breadcrumb":{"@id":"https:\/\/www.dragonet.fr\/index.php\/afrique\/#breadcrumb"},"inLanguage":"fr-FR","potentialAction":[{"@type":"ReadAction","target":["https:\/\/www.dragonet.fr\/index.php\/afrique\/"]}]},{"@type":"BreadcrumbList","@id":"https:\/\/www.dragonet.fr\/index.php\/afrique\/#breadcrumb","itemListElement":[{"@type":"ListItem","position":1,"name":"Accueil","item":"https:\/\/www.dragonet.fr\/"},{"@type":"ListItem","position":2,"name":"Afrique"}]},{"@type":"WebSite","@id":"https:\/\/www.dragonet.fr\/#website","url":"https:\/\/www.dragonet.fr\/","name":"Dragonet.fr","description":"","publisher":{"@id":"https:\/\/www.dragonet.fr\/#organization"},"potentialAction":[{"@type":"SearchAction","target":{"@type":"EntryPoint","urlTemplate":"https:\/\/www.dragonet.fr\/?s={search_term_string}"},"query-input":{"@type":"PropertyValueSpecification","valueRequired":true,"valueName":"search_term_string"}}],"inLanguage":"fr-FR"},{"@type":"Organization","@id":"https:\/\/www.dragonet.fr\/#organization","name":"Dragonet.fr","url":"https:\/\/www.dragonet.fr\/","logo":{"@type":"ImageObject","inLanguage":"fr-FR","@id":"https:\/\/www.dragonet.fr\/#\/schema\/logo\/image\/","url":"https:\/\/www.dragonet.fr\/wp-content\/uploads\/2022\/06\/DRAGONET-250-218.png","contentUrl":"https:\/\/www.dragonet.fr\/wp-content\/uploads\/2022\/06\/DRAGONET-250-218.png","width":250,"height":218,"caption":"Dragonet.fr"},"image":{"@id":"https:\/\/www.dragonet.fr\/#\/schema\/logo\/image\/"}}]}},"_links":{"self":[{"href":"https:\/\/www.dragonet.fr\/index.php\/wp-json\/wp\/v2\/pages\/424","targetHints":{"allow":["GET"]}}],"collection":[{"href":"https:\/\/www.dragonet.fr\/index.php\/wp-json\/wp\/v2\/pages"}],"about":[{"href":"https:\/\/www.dragonet.fr\/index.php\/wp-json\/wp\/v2\/types\/page"}],"author":[{"embeddable":true,"href":"https:\/\/www.dragonet.fr\/index.php\/wp-json\/wp\/v2\/users\/1"}],"replies":[{"embeddable":true,"href":"https:\/\/www.dragonet.fr\/index.php\/wp-json\/wp\/v2\/comments?post=424"}],"version-history":[{"count":10,"href":"https:\/\/www.dragonet.fr\/index.php\/wp-json\/wp\/v2\/pages\/424\/revisions"}],"predecessor-version":[{"id":534,"href":"https:\/\/www.dragonet.fr\/index.php\/wp-json\/wp\/v2\/pages\/424\/revisions\/534"}],"wp:attachment":[{"href":"https:\/\/www.dragonet.fr\/index.php\/wp-json\/wp\/v2\/media?parent=424"}],"curies":[{"name":"wp","href":"https:\/\/api.w.org\/{rel}","templated":true}]}}